 be (-3 - o/(-25))*5. Calculate the remainder when (21/u)/(2/(-24)) is divided by 10.
8
Let a be (158/22 - 7) + (-394)/(-11). Let n = -9 + 17. What is the remainder when a/2 + (108/6)/6 is divided by n?
5
What is the remainder when ((-126)/24 - -7)*88 is divided by 54?
46
Suppose -5*h - 5 = 0, -2*h - 109 = -5*y + 2*h. Let v(a) = a - 13. Let o be v(14). Suppose 78 - o = 7*i. Calculate the remainder when y is divided by i.
10
Calculate the remainder when 51 is divided by (12/(-22))/(-3) - (-423)/33.
12
Suppose -3*b = -2*c - 38, -b + 75 = 4*b - c. Let o(t) = 54*t - 494. What is the remainder when o(10) is divided by b?
14
Suppose 10*g = 176 + 34. Suppose -z = -2*z. Suppose r - 6 = -z*r. What is the remainder when g is divided by r?
3
Let s = 126 - 42. Suppose -54 = -4*r + 5*y, 0*y = -5*r - 2*y + s. What is the remainder when 42 is divided by r?
10
Let s = 290 + -286. Calculate the remainder when 248 is divided by s.
0
Suppose -2*q = -y - 22, -26 = -2*q + 2*y + y. Let d = -5 - -10. Suppose 2*s + 4*p + 94 = 4*s, -3*p = d*s - 183. Calculate the remainder when s is divided by q.
9
Suppose 3*g = 2*y + 362, -5*y + 149 = -9*g + 10*g. What is the remainder when g is divided by 9?
7
Let j be ((-16)/(-60)*-3)/((-6)/255). Let i = j - 18. Calculate the remainder when 77 is divided by i.
13
Suppose -18 = -7*m + 5*m. Suppose -t + m = -2*g, 2*t - 22 = 3*g - 3. Calculate the remainder when t is divided by 7.
4
Let x be ((-54)/15 + 3)*-5. Suppose -x*l + i = -2*l, i = -3*l + 20. Let t(s) = 6*s + 5. Calculate the remainder when t(l) is divided by 12.
11
Suppose -l + 17 = 4*y, 20*l + 4*y = 17*l + 35. What is the remainder when 206 is divided by l?
8
Let d(a) = 2*a - 13. Let q be d(7). What is the remainder when -1 + 0 + (q + -2 - -18) is divided by 9?
7
Let u(t) = t**3 - 4*t**2 - 4*t - 5. Let w be u(5). Suppose 3*r = 5*d - 7, w*d = -r + 3*d - 1. Calculate the remainder when 0 - (-2)/r*-86 is divided by 11.
10
Suppose 0 = 5*w - 3*w + 50. Let x = w - -33. Let o(k) = k**3 - 7*k**2 - 6*k - 4. What is the remainder when 33 is divided by o(x)?
9
Let b(y) = -6*y - 66. Calculate the remainder when 39 is divided by b(-12).
3
What is the remainder when 49 is divided by ((-1848)/220)/(3/(-10))?
21
Let b(z) = -z**3 - 3*z**2 + 5*z + 8. Suppose 0 = s + 4*f + 4, 3*s = 5*s - 3*f - 25. Calculate the remainder when b(-6) is divided by s.
6
Calculate the remainder when 64 is divided by 3/(-45) + (-498)/(-45).
9
Suppose 0 = -5*c - i + 11, 3*c + 0*i = -2*i + 8. What is the remainder when 5 is divided by c?
1
Let b(m) = -14 + 8*m - m**2 + 2*m**2 + 2*m**2 + 30. Calculate the remainder when 157 is divided by b(-4).
29
Suppose 3*r - 2*w + 74 = 7*r, -3*r - 4*w = -43. What is the remainder when 65 is divided by r?
2
Let i = -525 + 576. Calculate the remainder when 164 is divided by i.
11
Suppose 2*t + k = 297, t - 55 = 4*k + 98. Calculate the remainder when t is divided by 25.
24
Let a(j) = -2*j - 42. Let v be a(-24). Suppose -v*x + 30 = -x. What is the remainder when 40 is divided by x?
4
Suppose -431 - 1169 = -32*a. What is the remainder when 97 is divided by a?
47
Calculate the remainder when (16/(-32))/(3*3/(-1746)) is divided by 56.
41
Suppose 9*b = -248 + 3209. Suppose -321 - b = -5*m. What is the remainder when m is divided by 33?
31
Calculate the remainder when 1138/16 + (-1 - (-14)/16) is divided by 38.
33
Suppose -52 = -2*d + d. Let x = d + -40. Calculate the remainder when x is divided by 4.
0
Suppose -b + 263 = -2*n, 2*b + 29*n = 31*n + 526. What is the remainder when b is divided by 82?
17
Let y = -31 - -45. Let k = y + -7. Let b(t) = t**3 - 7*t**2 + 5*t + 1. What is the remainder when b(k) is divided by 19?
17
Let x(b) = -3*b**2 + 80*b - 38. Let p(d) = -21*d - 1. Let y be p(-1). Let j = y + 33. What is the remainder when j is divided by x(26)?
11
Let d = 879 - 832. Calculate the remainder when 136 is divided by d.
42
Suppose 42*s = 41*s + 5. Calculate the remainder when 43 is divided by s.
3
Let r(n) = n - 25. Let h be r(16). Let t(j) = -j**3 - 10*j**2 - 7*j - 9. Let o be t(h). Let k = o - -45. What is the remainder when k is divided by 7?
4
Let d = -28209 + 28243. Suppose -3*s + 210 = 2*s. Suppose 4*g = -5*j + 1 + s, -j - 13 = -g. Calculate the remainder when d is divided by g.
10
Let u be (0 - 726)/(7 + -9). Suppose -3*y + u = -5*g, -3*y - 2*g = -g - 345. Calculate the remainder when y is divided by 40.
36
What is the remainder when ((-34)/(-3))/((-4)/(-90)) is divided by (2/(-13))/1 + 7293/169?
40
Let s(m) = 4*m**2 - 6*m - 7. Let d = -36 - -30. Let f(j) = j**3 + 6*j**2 - 3*j - 2. Calculate the remainder when s(5) is divided by f(d).
15
Suppose -2*a = 5*a - 7. Calculate the remainder when 45 is divided by (81/6)/(a/2) - 3.
21
Let i(j) = 89*j - 206. What is the remainder when i(3) is divided by 1 - 2 - (0 + -32)?
30
Let v be (-14)/(-10) - 22/55. Let y(x) = 15*x - 1. What is the remainder when 67 is divided by y(v)?
11
Let c(w) = -3*w**2 + 61*w - 13. What is the remainder when c(15) is divided by 74?
5
Suppose -2*d = 3*r - 7*r - 80, -2*r = -2*d + 86. Calculate the remainder when d is divided by 10.
6
Let d(z) = 2*z**2 + 6*z + 14. Suppose -2*f - f + 195 = 0. What is the remainder when f is divided by d(-4)?
21
Suppose 2*c = -4, 2*c + 31 = 4*s - 13. Suppose -5*i = g + 2*g - 26, 3*i - s = g. Calculate the remainder when 21 is divided by i.
1
Calculate the remainder when 197 is divided by ((-33)/(-24)*6)/((-21)/(-28)).
10
What is the remainder when (-9 - 471)*(-1)/3 is divided by 11?
6
Let o = -14 + 106. Calculate the remainder when 192 is divided by o.
8
Let m = 3 - -11. Calculate the remainder when m is divided by (-138)/(-23)*40/30.
6
Suppose -c + 3*c = 46. Suppose 6 = 4*o + 54. Let v(j) = -2*j - 12. Calculate the remainder when c is divided by v(o).
11
Let h(x) = x**2 - 2. Suppose -5*c = 10, -5 = -4*f - 4*c - 1. Let l = -2 - -21. Calculate the remainder when l is divided by h(f).
5
Suppose -12*m = -11*m - 46. Suppose j + 60 = 5*j. Calculate the remainder when (-1 - m/(-1)) + -3 is divided by j.
12
Suppose -1638 = -26*a - 0*a. What is the remainder when a is divided by 14?
7
Let x(v) = v**3 + 10*v**2 + 7*v + 7. What is the remainder when 74 is divided by x(-9)?
24
Let w(x) = -x + 4. Let d be w(4). Suppose -26 = -2*z + 4*v - 4, d = -v - 1. What is the remainder when 26 is divided by z?
8
Let w = 28 - 3. Let i be 0*(-2 + 9/3). Suppose -4*s + 26 + 10 = i. What is the remainder when w is divided by s?
7
Suppose -103*k = -119*k + 80. Calculate the remainder when 137 is divided by k.
2
Suppose 8*v - 19*v = -594. What is the remainder when 202 is divided by v?
40
Let a be 1 + -1 + 7/((-28)/(-60)). Suppose 4*f + a = 7*f. Calculate the remainder when f is divided by 2.
1
Let u = 46 - 26. Let m = 14 - 10. Suppose 0 = m*c + u, a - c = 2*a. Calculate the remainder when a is divided by 2.
1
Suppose 0 = 2*l + 38 - 88. What is the remainder when 121 is divided by l?
21
Let t = -27 + 49. Let c be 1/3 - t/(-6). Let d = 6 - c. What is the remainder when 3 is divided by d?
1
Let k = -241 + 158. Let a = -42 - k. Suppose -2*m - 2*h + 28 = 0, 4*m - 19 = 4*h + 13. Calculate the remainder when a is divided by m.
8
Let q(v) = -62*v + 2. Suppose 0 = -5*d - 2*w + 34 - 6, 3*d - 5*w = 23. Suppose -c - 7 + d = 0. What is the remainder when q(c) is divided by 22?
20
Let x = -55 + 113. Let z = 8 - -4. Let s = 27 - z. Calculate the remainder when x is divided by s.
13
Suppose -6 = 3*m, -4*v + v + 4*m = -14. Let p(a) = a**2 + 3*a**2 - 2*a + 3*a**2 - 6*a**v + 8. What is the remainder when 90 is divided by p(5)?
21
Let l = 229 - 107. Calculate the remainder when l is divided by 42.
38
Suppose 0 = q - 6 - 2. Let t(k) = -k**2 + 2*k**3 - k**3 + 2*k - 14 - 4*k**2 - q*k**2. What is the remainder when 35 is divided by t(13)?
11
Let k(u) = -u**3 + 6*u**2 - u + 4. Let g be k(3). Let s = g - 28. Suppose -r + 8 - 3 = s. Calculate the remainder when r is divided by 2.
1
Let k = 32 + -34. Let q be 60/40*k/(-3). Let u = 6 + q. Calculate the remainder when 18 is divided by u.
4
Let h be (-154)/33 - 4/(-6). Calculate the remainder when 14/(234/57 + h) is divided by 15.
13
Let c = -14 + 14. Suppose 0 = -0*d - 5*d + 90. What is the remainder when d is divided by -3*(c - 28/12)?
4
Suppose 2*x = -3*j + 136, -9*j + 272 = 4*x - 8*